
Let n(b) = 2*b**3 - 33*b**2 - 125*b + 1386. What is n(18)?
108
Let a(q) = -2*q**3 - 62*q**2 - 673*q - 18589. Determine a(-30).
-199
Let t(g) = 58*g**2 + 25*g - 54. Determine t(-6).
1884
Let s(w) = 2*w**3 + 443*w**2 + 59*w - 35792. Calculate s(-221).
10
Let x(p) = -2*p**2 + 533*p - 19197. Give x(43).
24
Let k(i) = -i**2 + 2853*i - 8524. What is k(3)?
26
Let w(a) = -33*a**2 + 16688*a - 93995. Give w(500).
5
Let u(q) = 623*q - 4677. What is u(9)?
930
Let h(a) = -157*a**2 + 1823*a - 7319. Give h(4).
-2539
Let f(i) = -5*i**3 + 174*i**2 + 777*i - 3. Give f(-4).
-7
Let g(q) = -442*q - 13615. Give g(-31).
87
Let o(g) = g**3 + 136*g**2 + 71*g - 8662. Give o(-135).
-22
Let g(u) = 11768*u + 23520. Give g(-2).
-16
Let c(z) = -3*z**2 + 85*z + 4168. Determine c(54).
10
Let n(t) = -49*t**2 + 16310*t + 2324. Determine n(333).
-7
Let p(s) = 25*s**2 + 696*s + 5611. Determine p(-8).
1643
Let m(q) = -38*q**3 - 1786*q**2 + 37*q + 1724. Calculate m(-47).
-15
Let t(v) = -25*v**2 - 161*v - 175. Calculate t(-1).
-39
Let y(c) = -15*c**2 - 2222*c + 6489. What is y(-151)?
-4
Let p(a) = a**3 + 297*a**2 - 2048*a + 24349. Determine p(-304).
29
Let w(s) = 4*s**2 + 1191*s + 3143. Calculate w(-295).
-102
Let z(r) = 4*r**3 - 58*r**2 - 361*r + 375. What is z(19)?
14
Let l(n) = 260*n**2 + 2626*n + 317. What is l(-10)?
57
Let g(n) = -426*n - 50770. Determine g(-119).
-76
Let j(l) = -6*l**2 - 22148*l - 110586. Determine j(-5).
4
Let z(f) = -58303*f - 816263. What is z(-14)?
-21
Let m(l) = 423*l - 26652. Give m(63).
-3
Let d(p) = -1525*p + 180200. What is d(118)?
250
Let t(f) = f**2 - 6*f - 2889. Determine t(-51).
18
Let g(o) = 31*o**2 - 2384*o + 136. Calculate g(77).
367
Let g(v) = 736*v**2 + 133941*v - 1949. What is g(-182)?
53
Let f(v) = 23577*v - 117737. What is f(5)?
148
Let j(k) = -12*k**2 + 661*k - 50. Determine j(55).
5
Let z(a) = 224807*a - 6069794. Calculate z(27).
-5
Let z(y) = 199*y**2 + 1464*y + 468. Give z(-7).
-29
Let t(h) = 20*h**2 - 85*h - 773. Calculate t(-8).
1187
Let j(v) = 1046*v + 405777. What is j(-388)?
-71
Let h(r) = 19*r**2 + 1761*r - 527. What is h(-93)?
31
Let c(i) = -23075*i - 6553307. Determine c(-284).
-7
Let j(o) = -5*o**3 + 45*o**2 - 81*o + 42. Determine j(8).
-286
Let v(u) = 6*u**2 + 3296*u + 16436. What is v(-5)?
106
Let v(s) = 3145*s - 56610. Determine v(18).
0
Let g(j) = 5*j**2 + 59*j + 819. Give g(-10).
729
Let s(t) = -83*t**2 - 2384*t + 3179. Determine s(-30).
-1
Let p(o) = -2*o**3 - 84*o**2 + 292*o + 15367. Calculate p(-41).
33
Let i(p) = -p**2 + 1924*p - 110033. Calculate i(59).
2
Let f(o) = 43*o**2 + 140*o + 53. Give f(-3).
20
Let x(i) = -i**3 + 8*i**2 + 187*i + 20. Determine x(-10).
-50
Let h(b) = -b**3 - 8*b**2 + 477*b + 2953. Determine h(-6).
19
Let z(h) = 9*h**2 - 37*h - 391. Calculate z(12).
461
Let c(n) = -1359334*n + 6796670. Determine c(5).
0
Let t(m) = -314*m + 7842. Give t(23).
620
Let w(k) = 12519*k**2 - 300459*k + 46. Give w(24).
-26
Let d(f) = -28*f**3 + 842*f**2 - 871*f + 31. Give d(29).
2
Let j(o) = -6*o**2 - 10464*o - 20918. What is j(-2)?
-14
Let y(u) = u**3 - 426*u**2 - 1730*u + 4185. Calculate y(430).
-115
Let d(y) = -305*y - 6069. Determine d(-20).
31
Let f(a) = -15*a**3 + 7*a**2 + 9*a - 11. Give f(-3).
430
Let s(y) = 407*y**2 + 332915*y - 9015. What is s(-818)?
-17
Let b(y) = -y**2 + 80*y - 554. What is b(80)?
-554
Let f(v) = 6*v**2 + 498*v - 9511. Determine f(16).
-7
Let t(p) = 10579*p - 5702070. What is t(539)?
11
Let r(v) = -v**3 - 24*v**2 - 127*v - 3417. Give r(-22).
-1591
Let c(b) = 99*b - 509. What is c(9)?
382
Let c(t) = 2225*t - 15100. Determine c(7).
475
Let x(z) = 2*z**3 + 37*z**2 + 26*z + 603. What is x(-19)?
-252
Let t(r) = -145*r - 2117. What is t(-13)?
-232
Let o(f) = 66*f**3 + 336*f**2 - 64*f - 447. Determine o(-5).
23
Let t(k) = -8*k**2 + 252*k - 1253. What is t(5)?
-193
Let k(w) = -65*w**2 - 9*w - 5. Determine k(-1).
-61
Let f(o) = o**2 - 6640*o - 66519. Give f(-10).
-19
Let m(h) = -h**2 + 556*h - 41224. Determine m(80).
-3144
Let j(u) = -12*u**3 + 2807*u**2 + 315*u - 18941. Determine j(234).
13
Let y(f) = 7*f**2 + 423*f + 63. Calculate y(-57).
-1305
Let l(y) = -21*y**3 - 314*y**2 - 4*y - 289. Determine l(-15).
-4
Let s(t) = t**3 - 621*t**2 + 1698*t + 96603. Give s(618).
195
Let d(m) = 15379*m + 45975. Determine d(-3).
-162
Let x(o) = 1393*o - 371853. Give x(267).
78
Let i(m) = 2*m**3 - 13*m**2 - 63*m + 263. Give i(9).
101
Let h(d) = -361*d + 964. What is h(1)?
603
Let g(p) = -p**3 + p**2 + 3*p - 277. Give g(0).
-277
Let c(n) = 3*n**3 - 212*n**2 - 538*n + 44. What is c(73)?
-1927
Let q(f) = -2*f**3 + 33*f**2 - 3876*f + 57463. What is q(15)?
-2
Let m(g) = -14*g**2 + 979*g - 8717. Give m(9).
-1040
Let i(b) = 165*b**2 + b + 900. Give i(0).
900
Let q(k) = -k**2 - 1025*k - 148783. Give q(-175).
-33
Let s(l) = -200*l - 10089. What is s(-45)?
-1089
Let j(b) = 14*b**3 - 5*b**2 - 6*b + 1028. Determine j(0).
1028
Let k(j) = 2*j**3 + j**2 + 2280*j - 24. What is k(0)?
-24
Let z(v) = -1048*v - 12891. Give z(-12).
-315
Let f(p) = 41204*p + 9724144. Calculate f(-236).
0
Let k(d) = 31*d + 2592. What is k(-83)?
19
Let k(s) = 108957*s - 16343541. Give k(150).
9
Let a(h) = -h**2 + 1480*h - 4507. What is a(3)?
-76
Let l(r) = 10*r**3 - 8*r**2 + 93*r + 311. Determine l(-3).
-310
Let b(x) = 664*x - 202182. Give b(304).
-326
Let r(n) = -n**3 - 128*n**2 + 3*n + 1055. Calculate r(-128).
671
Let j(p) = 537*p - 183111. Give j(341).
6
Let j(g) = -3*g**2 - 637*g + 40934. Calculate j(51).
644
Let p(b) = -b**2 - b - 840. Calculate p(16).
-1112
Let c(n) = -n**3 + 276*n**2 + 172*n + 29085. Determine c(277).
0
Let g(l) = 14*l**2 + 62*l + 734. Give g(-6).
866
Let s(y) = -y**3 - 149*y**2 - 1630*y + 1886. What is s(-137)?
-32
Let j(l) = -l**3 + 336*l**2 - 7777*l + 539. Calculate j(311).
-83
Let j(h) = -31*h - 7921. Determine j(-254).
-47
Let a(y) = -7586*y - 15665. Calculate a(-2).
-493
Let w(h) = -h**3 - 647*h**2 - 3822*h + 15375. Determine w(-641).
-9
Let g(c) = 14*c**3 + 354*c**2 + 97*c + 66. What is g(-25)?
141
Let m(b) = -33914*b + 406976. Give m(12).
8
Let o(b) = 2*b**2 - 273*b - 29648. Calculate o(-80).
4992
Let p(o) = 57*o**2 + 1019*o - 126. What is p(-18)?
0
Let o(a) = 2976*a - 92266. What is o(31)?
-10
Let t(i) = -i**3 - 173*i**2 + 349*i + 1146. Calculate t(-175).
1321
Let p(o) = -2*o**2 + 44*o - 270. Calculate p(10).
-30
Let f(s) = -24*s**3 + 133*s**2 + 187*s + 55. Calculate f(-1).
25
Let t(m) = -m**3 + 13*m**2 + 676*m + 10427. What is t(38)?
15
Let n(s) = 81272*s**2 + 243824*s + 12. Give n(-3).
-12
Let z(i) = 4720*i**2 - 424797*i - 261. Calculate z(90).
9
Let f(y) = y**3 - 115*y**2 - 26449*y + 96. Give f(-115).
-19
Let j(p) = -34935*p + 8174792. Determine j(234).
2
Let w(o) = o**2 - 306*o + 3542. Give w(291).
-823
Let b(p) = 30*p**3 + 2388*p**2 - 13767*p + 254. Determine b(-85).
-1
Let u(z) = 2*z**2 + 392*z - 271. Determine u(0).
-271
Let w(p) = -p**2 + 88*p + 2940. What is w(-25)?
115
Let p(r) = 19*r**3 + 1348*r**2 - 69*r + 211. Determine p(-71).
69
Let w(m) = -2*m**2 - 8909*m - 88989. Calculate w(-10).
-99
Let b(y) = -89*y**3 - 9*y**2 + 30*y - 59. Determine b(2).
-747
Let w(g) = 3267*g - 104504. Determine w(32).
40
Let o(h) = 212894*h + 16179956. Give o(-76).
12
Let r(m) = 5247*m**2 + 5197*m - 43. Determine r(-1).
7
Let c(d) = 1230*d + 132833. Determine c(-108).
-7
Let x(s) = -4*s**3 - 71*s**2 - 249*s - 27. What is x(-13)?
-1
Let p(n) = n**3 - 74*n**2 - 4387*n - 28262. Give p(-33).
-14
Let f(q) = -2*q**2 + 604*q - 41741. What is f(203)?
-1547
Let t(i) = 508894*i + 6106784. Give t(-12).
56
Let h(t) = 2*t**2 + 7691*t + 38463. Calculate h(-5).
58
Let p(c) = 8*c**3 - 33*c**2 - 96*c + 31. What is p(-3)?
-194
Let o(u) = -362428*u + 1449692. Calculate o(4).
-20
Let v(a) = -2*a**2 - 2060*a - 167501. What is v(-89)?
-3
Let i(b) = -3*b**2 - 89*b - 695. Give i(-19).
-87
Let j(b) = 6*b**2 - 100*b - 9047. Give j(47).
-493
Let t(o) = -2*o**2 + 3003*o - 196324. Determine t(1433).
-3
Let u(y) = -38271*y - 497457. Give u(-13).
66
Let t(a) = -a**3 + 147*a**2 - 300*a + 1432. Determine t(145).
-18
Let m(o) = -11809*o - 756105. Determine m(-64).
-329
Let l(z) = z**3 + 55*z**2 + 557*z + 3066. What is l(-44)?
-146
Let y(d) = -d**3 - 21*d**2 - 3011*d - 56892. Determine y(-19).
-405
Let p(v) = -v**2 + 1104*v - 99548. Give p(99).
-53
Let j(f) = -8